{"id":17231157,"date":"2023-06-02T11:17:06","date_gmt":"2023-06-02T14:17:06","guid":{"rendered":"https:\/\/duxsoftware.com\/mexico\/?page_id=17231157"},"modified":"2023-06-02T11:17:06","modified_gmt":"2023-06-02T14:17:06","slug":"politica-de-calidad","status":"publish","type":"page","link":"https:\/\/duxsoftware.com\/mexico\/politica-de-calidad\/","title":{"rendered":"Politica de Calidad"},"content":{"rendered":"<p>[et_pb_section fb_built=\u00bb1&#8243; _builder_version=\u00bb4.20.0&#8243; _module_preset=\u00bbdefault\u00bb background_color=\u00bbgcid-18ebe667-015c-4789-aa8b-92d4f52a146f\u00bb da_disable_devices=\u00bboff|off|off\u00bb global_colors_info=\u00bb{%22gcid-18ebe667-015c-4789-aa8b-92d4f52a146f%22:%91%22background_color%22%93}\u00bb theme_builder_area=\u00bbpost_content\u00bb da_is_popup=\u00bboff\u00bb da_exit_intent=\u00bboff\u00bb da_has_close=\u00bbon\u00bb da_alt_close=\u00bboff\u00bb da_dark_close=\u00bboff\u00bb da_not_modal=\u00bbon\u00bb da_is_singular=\u00bboff\u00bb da_with_loader=\u00bboff\u00bb da_has_shadow=\u00bbon\u00bb][et_pb_row _builder_version=\u00bb4.20.0&#8243; _module_preset=\u00bbdefault\u00bb global_colors_info=\u00bb{}\u00bb theme_builder_area=\u00bbpost_content\u00bb][et_pb_column type=\u00bb4_4&#8243; _builder_version=\u00bb4.20.0&#8243; _module_preset=\u00bbdefault\u00bb global_colors_info=\u00bb{}\u00bb theme_builder_area=\u00bbpost_content\u00bb][et_pb_text _builder_version=\u00bb4.20.0&#8243; _module_preset=\u00bbdefault\u00bb header_text_color=\u00bb#FFFFFF\u00bb header_font_size=\u00bb26px\u00bb global_colors_info=\u00bb{}\u00bb theme_builder_area=\u00bbpost_content\u00bb]<\/p>\n<h1 style=\"text-align: center;\"><b>Pol\u00edtica de Calidad de Dux Software<\/b><\/h1>\n<p>[\/et_pb_text][\/et_pb_column][\/et_pb_row][\/et_pb_section][et_pb_section fb_built=\u00bb1&#8243; _builder_version=\u00bb4.20.0&#8243; _module_preset=\u00bbdefault\u00bb da_disable_devices=\u00bboff|off|off\u00bb global_colors_info=\u00bb{}\u00bb theme_builder_area=\u00bbpost_content\u00bb da_is_popup=\u00bboff\u00bb da_exit_intent=\u00bboff\u00bb da_has_close=\u00bbon\u00bb da_alt_close=\u00bboff\u00bb da_dark_close=\u00bboff\u00bb da_not_modal=\u00bbon\u00bb da_is_singular=\u00bboff\u00bb da_with_loader=\u00bboff\u00bb da_has_shadow=\u00bbon\u00bb][et_pb_row _builder_version=\u00bb4.20.0&#8243; _module_preset=\u00bbdefault\u00bb global_colors_info=\u00bb{}\u00bb theme_builder_area=\u00bbpost_content\u00bb][et_pb_column type=\u00bb4_4&#8243; _builder_version=\u00bb4.20.0&#8243; _module_preset=\u00bbdefault\u00bb global_colors_info=\u00bb{}\u00bb theme_builder_area=\u00bbpost_content\u00bb][et_pb_text _builder_version=\u00bb4.20.0&#8243; _module_preset=\u00bbdefault\u00bb text_font=\u00bb|600|||||||\u00bb text_text_color=\u00bb#3e5974&#8243; text_font_size=\u00bb18px\u00bb text_line_height=\u00bb1.8em\u00bb global_colors_info=\u00bb{}\u00bb theme_builder_area=\u00bbpost_content\u00bb]<\/p>\n<p><span style=\"font-weight: 400;\">En Dux Software, nos dedicamos al desarrollo de software de gesti\u00f3n para pymes, brindando a nuestros clientes las herramientas necesarias para ordenar y hacer crecer sus negocios de manera eficiente.<\/span><\/p>\n<p><span style=\"font-weight: 400;\">Nuestro compromiso es ofrecer una plataforma confiable y de calidad que satisfaga las expectativas y necesidades de nuestros usuarios, asegurando su satisfacci\u00f3n y \u00e9xito a largo plazo.<\/span><\/p>\n<p><span style=\"font-weight: 400;\">Nos comprometemos a comprender y superar las expectativas de nuestros clientes, brindando atenci\u00f3n personalizada, tiempos de respuesta r\u00e1pidos y soluciones efectivas a sus necesidades empresariales, con el fin de fomentar relaciones a largo plazo basadas en la confianza y la satisfacci\u00f3n mutua.\u00a0<\/span><\/p>\n<p><span style=\"font-weight: 400;\">Adem\u00e1s, buscamos la mejora continua de nuestros procesos, a trav\u00e9s de la implementaci\u00f3n de un sistema de gesti\u00f3n de calidad basado en los requisitos de la norma internacional ISO 9001.\u00a0<\/span><\/p>\n<p><span style=\"font-weight: 400;\">Tambi\u00e9n nos comprometemos a cumplir con todos los requisitos legales aplicables, as\u00ed como con los est\u00e1ndares y pautas establecidas por nuestra organizaci\u00f3n y la de nuestros clientes, garantizando la integridad y el cumplimiento normativo de nuestras operaciones.<\/span><\/p>\n<p>[\/et_pb_text][\/et_pb_column][\/et_pb_row][et_pb_row _builder_version=\u00bb4.20.0&#8243; _module_preset=\u00bbdefault\u00bb global_colors_info=\u00bb{}\u00bb theme_builder_area=\u00bbpost_content\u00bb][et_pb_column type=\u00bb4_4&#8243; _builder_version=\u00bb4.20.0&#8243; _module_preset=\u00bbdefault\u00bb global_colors_info=\u00bb{}\u00bb theme_builder_area=\u00bbpost_content\u00bb][et_pb_text _builder_version=\u00bb4.20.0&#8243; _module_preset=\u00bbdefault\u00bb text_font=\u00bb|700|||||||\u00bb text_text_color=\u00bb#3e5974&#8243; text_font_size=\u00bb26px\u00bb text_line_height=\u00bb1.8em\u00bb global_colors_info=\u00bb{}\u00bb theme_builder_area=\u00bbpost_content\u00bb]<\/p>\n<p>Objetivos de Calidad<\/p>\n<p>[\/et_pb_text][et_pb_text _builder_version=\u00bb4.20.0&#8243; _module_preset=\u00bbdefault\u00bb text_font=\u00bb|600|||||||\u00bb text_text_color=\u00bb#3e5974&#8243; text_font_size=\u00bb18px\u00bb text_line_height=\u00bb1.8em\u00bb global_colors_info=\u00bb{}\u00bb theme_builder_area=\u00bbpost_content\u00bb]<\/p>\n<p><span style=\"font-weight: 400;\">Desarrollar y mantener un software de gesti\u00f3n confiable, seguro y f\u00e1cil de usar, que cumpla con los requisitos y expectativas de nuestros clientes.<\/span><\/p>\n<p><span style=\"font-weight: 400;\">Brindar un soporte t\u00e9cnico \u00e1gil y eficiente a nuestros clientes, garantizando una experiencia de usuario fluida y resolviendo cualquier consulta o problema de manera oportuna.<\/span><\/p>\n<p><span style=\"font-weight: 400;\">Mejorar continuamente nuestros procesos internos, optimizando la calidad y eficiencia de nuestras operaciones.<\/span><\/p>\n<p><span style=\"font-weight: 400;\">Promover la capacitaci\u00f3n y desarrollo profesional de nuestro equipo, asegurando que posean los conocimientos y habilidades necesarios para cumplir con nuestros est\u00e1ndares de calidad.<\/span><\/p>\n<p><span style=\"font-weight: 400;\">Promover la sustentabilidad econ\u00f3mica de nuestro negocio, asegurando un crecimiento rentable y sostenible a largo plazo, maximizando el valor para nuestros clientes y empleados, y buscando constantemente oportunidades para mejorar la eficiencia operativa y la rentabilidad financiera.<\/span><\/p>\n<p><span style=\"font-weight: 400;\">Garantizar la m\u00e1xima satisfacci\u00f3n de nuestros clientes al proporcionarles soluciones de software de gesti\u00f3n de alta calidad y un servicio excepcional.<\/span><span style=\"font-weight: 400;\">\u00a0<\/span><\/p>\n<p>[\/et_pb_text][\/et_pb_column][\/et_pb_row][et_pb_row column_structure=\u00bb1_2,1_2&#8243; _builder_version=\u00bb4.20.0&#8243; _module_preset=\u00bbdefault\u00bb custom_margin=\u00bb80px||0px||false|false\u00bb global_colors_info=\u00bb{}\u00bb theme_builder_area=\u00bbpost_content\u00bb][et_pb_column type=\u00bb1_2&#8243; _builder_version=\u00bb4.20.0&#8243; _module_preset=\u00bbdefault\u00bb global_colors_info=\u00bb{}\u00bb theme_builder_area=\u00bbpost_content\u00bb][et_pb_blurb title=\u00bbRoman Baccifaba\u00bb url=\u00bbhttps:\/\/www.linkedin.com\/in\/romanbaccifaba\/\u00bb _builder_version=\u00bb4.20.0&#8243; _module_preset=\u00bbdefault\u00bb header_level=\u00bbh2&#8243; header_font=\u00bb|700|||||||\u00bb header_text_align=\u00bbcenter\u00bb header_text_color=\u00bbgcid-65089a46-382b-4e8d-a72e-a25286a2e696&#8243; header_font_size=\u00bb18px\u00bb body_text_align=\u00bbcenter\u00bb body_text_color=\u00bbgcid-65089a46-382b-4e8d-a72e-a25286a2e696&#8243; link_option_url=\u00bbhttps:\/\/www.linkedin.com\/in\/romanbaccifaba\/\u00bb global_colors_info=\u00bb{%22gcid-65089a46-382b-4e8d-a72e-a25286a2e696%22:%91%22header_text_color%22,%22body_text_color%22%93,%22gcid-18ebe667-015c-4789-aa8b-92d4f52a146f%22:%91%22header_text_color__hover%22,%22body_text_color__hover%22%93}\u00bb header_text_color__hover_enabled=\u00bbon|desktop\u00bb header_text_color__hover=\u00bb#2164e6&#8243; body_text_color__hover_enabled=\u00bbon|hover\u00bb body_text_color__hover=\u00bb#2164e6&#8243; theme_builder_area=\u00bbpost_content\u00bb]<\/p>\n<p>Director<\/p>\n<p>[\/et_pb_blurb][\/et_pb_column][et_pb_column type=\u00bb1_2&#8243; _builder_version=\u00bb4.20.0&#8243; _module_preset=\u00bbdefault\u00bb global_colors_info=\u00bb{}\u00bb theme_builder_area=\u00bbpost_content\u00bb][et_pb_blurb title=\u00bbMarcelo Castrillo\u00bb url=\u00bbhttps:\/\/www.linkedin.com\/in\/marcelocastrillo\/\u00bb _builder_version=\u00bb4.20.0&#8243; _module_preset=\u00bbdefault\u00bb header_level=\u00bbh2&#8243; header_font=\u00bb|700|||||||\u00bb header_text_align=\u00bbcenter\u00bb header_text_color=\u00bbgcid-65089a46-382b-4e8d-a72e-a25286a2e696&#8243; header_font_size=\u00bb18px\u00bb body_text_align=\u00bbcenter\u00bb body_text_color=\u00bbgcid-65089a46-382b-4e8d-a72e-a25286a2e696&#8243; link_option_url=\u00bbhttps:\/\/www.linkedin.com\/in\/marcelocastrillo\/\u00bb global_colors_info=\u00bb{%22gcid-65089a46-382b-4e8d-a72e-a25286a2e696%22:%91%22header_text_color%22,%22body_text_color%22%93,%22gcid-18ebe667-015c-4789-aa8b-92d4f52a146f%22:%91%22header_text_color__hover%22,%22body_text_color__hover%22%93}\u00bb header_text_color__hover_enabled=\u00bbon|desktop\u00bb header_text_color__hover=\u00bb#2164e6&#8243; body_text_color__hover=\u00bb#2164e6&#8243; body_text_color__hover_enabled=\u00bbon|hover\u00bb theme_builder_area=\u00bbpost_content\u00bb]<\/p>\n<p>Director<\/p>\n<p>[\/et_pb_blurb][\/et_pb_column][\/et_pb_row][et_pb_row _builder_version=\u00bb4.20.0&#8243; _module_preset=\u00bbdefault\u00bb global_colors_info=\u00bb{}\u00bb theme_builder_area=\u00bbpost_content\u00bb][et_pb_column type=\u00bb4_4&#8243; _builder_version=\u00bb4.20.0&#8243; _module_preset=\u00bbdefault\u00bb global_colors_info=\u00bb{}\u00bb theme_builder_area=\u00bbpost_content\u00bb][et_pb_text _builder_version=\u00bb4.20.0&#8243; _module_preset=\u00bbdefault\u00bb text_font=\u00bb|600|||||||\u00bb text_text_color=\u00bbgcid-65089a46-382b-4e8d-a72e-a25286a2e696&#8243; text_font_size=\u00bb15px\u00bb global_colors_info=\u00bb{%22gcid-65089a46-382b-4e8d-a72e-a25286a2e696%22:%91%22text_text_color%22%93}\u00bb theme_builder_area=\u00bbpost_content\u00bb]<\/p>\n<p style=\"text-align: right;\">PB-CA-01<\/p>\n<p style=\"text-align: right;\">Vigencia: 22\/05\/2023<\/p>\n<p>[\/et_pb_text][\/et_pb_column][\/et_pb_row][\/et_pb_section]<\/p>\n","protected":false},"excerpt":{"rendered":"<p>Pol\u00edtica de Calidad de Dux SoftwareEn Dux Software, nos dedicamos al desarrollo de software de gesti\u00f3n para pymes, brindando a nuestros clientes las herramientas necesarias para ordenar y hacer crecer sus negocios de manera eficiente. Nuestro compromiso es ofrecer una plataforma confiable y de calidad que satisfaga las expectativas y necesidades de nuestros usuarios, asegurando [&hellip;]<\/p>\n","protected":false},"author":4,"featured_media":0,"parent":0,"menu_order":0,"comment_status":"closed","ping_status":"closed","template":"","meta":{"_et_pb_use_builder":"on","_et_pb_old_content":"","_et_gb_content_width":"","content-type":"","footnotes":""},"dipi_cpt_category":[],"class_list":["post-17231157","page","type-page","status-publish","hentry"],"yoast_head":"<!-- This site is optimized with the Yoast SEO plugin v23.6 - https:\/\/yoast.com\/wordpress\/plugins\/seo\/ -->\n<title>Politica de Calidad - Dux Software<\/title>\n<meta name=\"robots\" content=\"index, follow, max-snippet:-1, max-image-preview:large, max-video-preview:-1\" \/>\n<link rel=\"canonical\" href=\"https:\/\/duxsoftware.com\/mexico\/politica-de-calidad\/\" \/>\n<meta property=\"og:locale\" content=\"es_ES\" \/>\n<meta property=\"og:type\" content=\"article\" \/>\n<meta property=\"og:title\" content=\"Politica de Calidad - Dux Software\" \/>\n<meta property=\"og:description\" content=\"Pol\u00edtica de Calidad de Dux SoftwareEn Dux Software, nos dedicamos al desarrollo de software de gesti\u00f3n para pymes, brindando a nuestros clientes las herramientas necesarias para ordenar y hacer crecer sus negocios de manera eficiente. Nuestro compromiso es ofrecer una plataforma confiable y de calidad que satisfaga las expectativas y necesidades de nuestros usuarios, asegurando [&hellip;]\" \/>\n<meta property=\"og:url\" content=\"https:\/\/duxsoftware.com\/mexico\/politica-de-calidad\/\" \/>\n<meta property=\"og:site_name\" content=\"Dux Software\" \/>\n<meta name=\"twitter:card\" content=\"summary_large_image\" \/>\n<meta name=\"twitter:label1\" content=\"Tiempo de lectura\" \/>\n\t<meta name=\"twitter:data1\" content=\"6 minutos\" \/>\n<script type=\"application\/ld+json\" class=\"yoast-schema-graph\">{\"@context\":\"https:\/\/schema.org\",\"@graph\":[{\"@type\":\"WebPage\",\"@id\":\"https:\/\/duxsoftware.com\/mexico\/politica-de-calidad\/\",\"url\":\"https:\/\/duxsoftware.com\/mexico\/politica-de-calidad\/\",\"name\":\"Politica de Calidad - Dux Software\",\"isPartOf\":{\"@id\":\"https:\/\/duxsoftware.com\/mexico\/#website\"},\"datePublished\":\"2023-06-02T14:17:06+00:00\",\"dateModified\":\"2023-06-02T14:17:06+00:00\",\"breadcrumb\":{\"@id\":\"https:\/\/duxsoftware.com\/mexico\/politica-de-calidad\/#breadcrumb\"},\"inLanguage\":\"es\",\"potentialAction\":[{\"@type\":\"ReadAction\",\"target\":[\"https:\/\/duxsoftware.com\/mexico\/politica-de-calidad\/\"]}]},{\"@type\":\"BreadcrumbList\",\"@id\":\"https:\/\/duxsoftware.com\/mexico\/politica-de-calidad\/#breadcrumb\",\"itemListElement\":[{\"@type\":\"ListItem\",\"position\":1,\"name\":\"Home\",\"item\":\"https:\/\/duxsoftware.com\/mexico\/\"},{\"@type\":\"ListItem\",\"position\":2,\"name\":\"Politica de Calidad\"}]},{\"@type\":\"WebSite\",\"@id\":\"https:\/\/duxsoftware.com\/mexico\/#website\",\"url\":\"https:\/\/duxsoftware.com\/mexico\/\",\"name\":\"Dux Software\",\"description\":\"Sistema de gesti\u00f3n para tu negocio\",\"potentialAction\":[{\"@type\":\"SearchAction\",\"target\":{\"@type\":\"EntryPoint\",\"urlTemplate\":\"https:\/\/duxsoftware.com\/mexico\/?s={search_term_string}\"},\"query-input\":{\"@type\":\"PropertyValueSpecification\",\"valueRequired\":true,\"valueName\":\"search_term_string\"}}],\"inLanguage\":\"es\"}]}<\/script>\n<!-- \/ Yoast SEO plugin. -->","yoast_head_json":{"title":"Politica de Calidad - Dux Software","robots":{"index":"index","follow":"follow","max-snippet":"max-snippet:-1","max-image-preview":"max-image-preview:large","max-video-preview":"max-video-preview:-1"},"canonical":"https:\/\/duxsoftware.com\/mexico\/politica-de-calidad\/","og_locale":"es_ES","og_type":"article","og_title":"Politica de Calidad - Dux Software","og_description":"Pol\u00edtica de Calidad de Dux SoftwareEn Dux Software, nos dedicamos al desarrollo de software de gesti\u00f3n para pymes, brindando a nuestros clientes las herramientas necesarias para ordenar y hacer crecer sus negocios de manera eficiente. Nuestro compromiso es ofrecer una plataforma confiable y de calidad que satisfaga las expectativas y necesidades de nuestros usuarios, asegurando [&hellip;]","og_url":"https:\/\/duxsoftware.com\/mexico\/politica-de-calidad\/","og_site_name":"Dux Software","twitter_card":"summary_large_image","twitter_misc":{"Tiempo de lectura":"6 minutos"},"schema":{"@context":"https:\/\/schema.org","@graph":[{"@type":"WebPage","@id":"https:\/\/duxsoftware.com\/mexico\/politica-de-calidad\/","url":"https:\/\/duxsoftware.com\/mexico\/politica-de-calidad\/","name":"Politica de Calidad - Dux Software","isPartOf":{"@id":"https:\/\/duxsoftware.com\/mexico\/#website"},"datePublished":"2023-06-02T14:17:06+00:00","dateModified":"2023-06-02T14:17:06+00:00","breadcrumb":{"@id":"https:\/\/duxsoftware.com\/mexico\/politica-de-calidad\/#breadcrumb"},"inLanguage":"es","potentialAction":[{"@type":"ReadAction","target":["https:\/\/duxsoftware.com\/mexico\/politica-de-calidad\/"]}]},{"@type":"BreadcrumbList","@id":"https:\/\/duxsoftware.com\/mexico\/politica-de-calidad\/#breadcrumb","itemListElement":[{"@type":"ListItem","position":1,"name":"Home","item":"https:\/\/duxsoftware.com\/mexico\/"},{"@type":"ListItem","position":2,"name":"Politica de Calidad"}]},{"@type":"WebSite","@id":"https:\/\/duxsoftware.com\/mexico\/#website","url":"https:\/\/duxsoftware.com\/mexico\/","name":"Dux Software","description":"Sistema de gesti\u00f3n para tu negocio","potentialAction":[{"@type":"SearchAction","target":{"@type":"EntryPoint","urlTemplate":"https:\/\/duxsoftware.com\/mexico\/?s={search_term_string}"},"query-input":{"@type":"PropertyValueSpecification","valueRequired":true,"valueName":"search_term_string"}}],"inLanguage":"es"}]}},"_links":{"self":[{"href":"https:\/\/duxsoftware.com\/mexico\/wp-json\/wp\/v2\/pages\/17231157"}],"collection":[{"href":"https:\/\/duxsoftware.com\/mexico\/wp-json\/wp\/v2\/pages"}],"about":[{"href":"https:\/\/duxsoftware.com\/mexico\/wp-json\/wp\/v2\/types\/page"}],"author":[{"embeddable":true,"href":"https:\/\/duxsoftware.com\/mexico\/wp-json\/wp\/v2\/users\/4"}],"replies":[{"embeddable":true,"href":"https:\/\/duxsoftware.com\/mexico\/wp-json\/wp\/v2\/comments?post=17231157"}],"version-history":[{"count":2,"href":"https:\/\/duxsoftware.com\/mexico\/wp-json\/wp\/v2\/pages\/17231157\/revisions"}],"predecessor-version":[{"id":17231159,"href":"https:\/\/duxsoftware.com\/mexico\/wp-json\/wp\/v2\/pages\/17231157\/revisions\/17231159"}],"wp:attachment":[{"href":"https:\/\/duxsoftware.com\/mexico\/wp-json\/wp\/v2\/media?parent=17231157"}],"wp:term":[{"taxonomy":"dipi_cpt_category","embeddable":true,"href":"https:\/\/duxsoftware.com\/mexico\/wp-json\/wp\/v2\/dipi_cpt_category?post=17231157"}],"curies":[{"name":"wp","href":"https:\/\/api.w.org\/{rel}","templated":true}]}}